q(3).
2
Suppose 5*d = 2*t + 123, -2 = d - 3*t - 24. Let o = d - 24. Let r(s) = -8*s. Calculate r(o).
-8
Let q(a) = a**2 - 3. Let v be q(4). Let l(p) = -3 - p - v*p**2 + 6*p + 19*p**2 + p**3. Determine l(-5).
-3
Let a be (-2)/4 - (-190)/4. Suppose -17 + a = -b. Let l be (-96)/b - 1/5. Let d(t) = -t**3 + 3*t**2 - t + 2. Give d(l).
-1
Let p(l) = -28*l + 1 - 6*l**2 - l**3 + 8*l - 6 + 14*l. Give p(-4).
-13
Let y(f) = 8*f**3 - f**2 + 6*f + 7. Let t be -2 + 3/3 + 8. Let p(s) = 7 + t*s - 1 + 8*s**3 - 2*s - s**2. Let m(n) = 6*p(n) - 5*y(n). What is m(1)?
8
Let h(d) = -d + 1. Let q be h(-3). Let i(n) = -7*n**2 + 9*n + 4. Let a(k) = 4*k**2 - 5*k - 2. Let j(y) = 5*a(y) + 3*i(y). Determine j(q).
-6
Let m(g) = g**2. Let y(q) = 4*q**2 - 5*q - 2. Let x(j) = 3*m(j) - y(j). Calculate x(5).
2
Let v(x) = -x**3 - 2*x**2 + 2*x. Let a be 2 + (-1 - 0) - -1. Let q(d) = 0*d**2 + 2*d + d**2 - 3 - 2*d**2. Let f be q(a). What is v(f)?
3
Let i(o) = -16 + 10 - 3*o + o**2 + 1. What is i(6)?
13
Let x(y) = -y**2 - 4*y + 3. Suppose 2*d - 38 + 48 = 0. What is x(d)?
-2
Let w(p) = -5*p**3 + 10*p**2 - 11*p - 16. Let u(m) = m**2 - 5 - 2*m**3 + 5*m**2 - 4*m - 3*m**2. Let n(x) = -8*u(x) + 3*w(x). Determine n(-6).
-2
Let p(v) = -v**2 + 2*v + 3. Let z(k) = -3*k - 3. Let f(m) = 3*p(m) + 2*z(m). Let j(q) be the first derivative of f(q). Calculate j(-1).
6
Let q = -13 - -17. Let f(p) = -2*p + q*p + 2*p. Calculate f(-2).
-8
Let k(d) = -2*d**2 + 6*d + 32. Let a(z) = z**2 - 2*z - 1. Let x(i) = -3*a(i) - k(i). Determine x(0).
-29
Let b(z) = 3*z**2 + 21*z + 7. Let f(l) = 4*l**2 + 31*l + 10. Let i(d) = 7*b(d) - 5*f(d). Give i(5).
-16
Let v = -16 + 11. Let z(s) be the second derivative of s**3/6 - 2*s. Let u(t) = -t**3 - 5*t**2 + 6*t + 4. Let f(n) = -u(n) + 4*z(n). Determine f(v).
6
Suppose 4*z + 5*d = 14 + 19, 4*z - d - 3 = 0. Suppose 17 = 3*m + 5*v, -z*m - 3*v + 2*v = -2. Let r(x) = 4*x. Calculate r(m).
-4
Let t(q) = 2*q**2 - q**3 + 0 - 1 - 4 - 2*q + 3*q**2. Give t(4).
3
Let m(w) = w + 5. Suppose -4*i - 2 = -2*q + 2, -q = 5*i + 5. Let p = -5 - q. Let l(c) = -c**3 - 6*c**2 - 3*c + 5. Let k be l(p). What is m(k)?
0
Let z = -1 - -3. Let w be ((-1)/z)/((-3)/(-24)). Let k(i) be the first derivative of -i**2 - i - 51. What is k(w)?
7
Let p(j) = -j**3 - 4*j**2 - 2*j - 4. Suppose 2*r - 9 - 3 = 0. Suppose -x + 2 = r. Calculate p(x).
4
Let o(d) = d**3 - 3*d**2 - 5*d + 2. Suppose 7*c + 4*l = 2*c, -5*c - 5*l = 5. Suppose 3*k + 2*s = 4*s + 20, c*s - 8 = 0. Let h = k - 4. Give o(h).
-2
Let o(z) = -z**2 + 6*z + 1. Let v be 2/((-2)/3)*-1. Suppose 0*b = -2*b + 2, 2*b = v*g - 13. Calculate o(g).
6
Let g(w) = -w**3 + w**2 + w. Let p(z) = -11*z**3 - 3*z**2 - 3*z - 1. Suppose -o + 0*o + 7 = 0. Let r = o + -8. Let x(n) = r*p(n) - g(n). Calculate x(-1).
-11
Suppose -4*g = -2*g - 8. Let z(f) = -2 - 2*f + 3 + 5 - 7 + g*f**3 - f**2. Give z(-1).
-4
Let l(m) be the third derivative of -m**6/120 - m**5/10 - m**4/3 - 5*m**3/6 - 2*m**2. What is l(-5)?
10
Let g(u) = -20*u**2 + 7*u**2 + 2*u - 2*u - 1. What is g(-1)?
-14
Let j(u) = 10*u - 4. Let z(r) = 5*r - 2. Let o(m) = 4*j(m) - 7*z(m). What is o(-2)?
-12
Let j(g) be the third derivative of -g**6/120 - g**5/12 - g**4/24 - 18*g**2. Suppose -l - m - 6 = -0*m, -5*l = -m + 24. Calculate j(l).
5
Let o(h) = 4*h - 3. Suppose -3*q + 2*q - 4 = 0. Let w be (0 - q)*4/8. Suppose 4*d - 10 = -w*z, 5*z - 12 = -d - 5. Give o(d).
5
Let i(f) = -f**3 + 4*f**2 - 3*f - 2. Let g be i(3). Let o = g - -2. Let y(r) = -2*r - 8. Let c(q) = -3*q - 8. Let w(p) = -3*c(p) + 4*y(p). What is w(o)?
-8
Let p(a) be the third derivative of a**5/60 - 5*a**4/24 + 2*a**3/3 - 3*a**2. Let s(d) = 1. Let u(q) = -p(q) + 4*s(q). What is u(5)?
0
Let m(f) = f**2 + f - 2. Suppose -2*w + 5*w - 18 = 0. Suppose -1 - w = -d. Let s = 4 - d. What is m(s)?
4
Let g(m) be the first derivative of 0*m + 1/24*m**4 - 1/6*m**3 + 2 + 1/12*m**5 + m**2. Let s(l) be the second derivative of g(l). Calculate s(1).
5
Let k(l) be the second derivative of -l**7/420 + l**5/120 - l**4/12 - l. Let p(z) be the third derivative of k(z). Suppose -1 = -3*i - 4. What is p(i)?
-5
Let l(v) = -2*v + 1. Let q(y) = -3*y + 2. Let m = 7 + -15. Let j(n) = m*l(n) + 5*q(n). Suppose u = 2*i - 2, -2*u = -3*u - 3*i - 7. What is j(u)?
-2
Suppose 4*r = 3*r. Let f be ((-17)/(-3))/((-1)/(-3)). Suppose 2*x + 4*c - 6 = r, -8 - f = x - 5*c. Let j(a) = -a**3 - 6*a**2 - 3*a + 6. Give j(x).
-4
Let g(o) = -o**3 - 7*o**2 + 2*o + 9. Let w be g(-7). Let l = 7 - 3. Let s(v) = -l*v + 2*v - 2 - 4*v - v**2. Give s(w).
3
Let l(d) = d**2 - d + 1. Suppose -3*a + 20 = 2*t, -3*t - a + 20 = a. Let v = t + -2. Determine l(v).
3
Let m = 233 - 230. Let p(x) = x**2 - x - 1. Let b(h) = h**2 + h - 5. Let q(s) = b(s) - 2*p(s). Give q(m).
-3
Suppose 2*u + 5*u + 42 = 0. Let a(l) = l - 1. Calculate a(u).
-7
Let t be ((-1)/3)/((-4)/72). Suppose -13 = 2*k + c, -26 - t = 4*k + 4*c. Let v(i) = i**2 + 5*i - 1. Calculate v(k).
-1
Let g(t) = 2*t - 1. Let h be (-2)/((9 - 1)/4). Let i = h + -1. What is g(i)?
-5
Let a(t) = -4*t + 0*t + 7 - 8. Determine a(2).
-9
Let v be (-5)/(-2)*(-4 - -2). Let y(n) = -n**3 - 4*n**2 + n - 7. Give y(v).
13
Let z be (-2 - 10)/((-2)/3). Suppose 0 = 5*d - 4*d - z. Let h be 14/(-6) + 6/d. Let u(i) = i**2 + i - 1. Give u(h).
1
Let v(d) = -d**3 + 5*d**2 + 7*d + 6. Suppose 29 + 1 = 5*s. What is v(s)?
12
Let z(f) be the second derivative of f**8/6720 + f**7/1260 + f**6/240 + f**4/6 - 5*f. Let w(u) be the third derivative of z(u). Determine w(-2).
-6
Let o be -1*(1 + 1 - 2). Let d(p) be the third derivative of 0*p - 3*p**2 - 5/6*p**3 + 1/24*p**4 + 1/60*p**5 + 0. Give d(o).
-5
Suppose 15 = 2*u + 3*u. Let h = 0 - -6. Let j(m) = m**u - 6 - 4*m + m + 2*m + h*m**2 - 2. Give j(-6).
-2
Let j(l) = -2*l**2 + 1. Let b(g) = g - 7*g**2 + 3*g**2 + 3*g**2. Let i(h) = -3*b(h) + 2*j(h). Give i(-4).
-2
Suppose 0*v + 3*v = 15. Let d(p) = 4*p**3 - 7*p**2 - 2*p + 5. Let m(h) = -h**3 + h**2 + h - 1. Let x(o) = v*m(o) + d(o). Determine x(-3).
0
Let t(h) = -4*h**3 + 10*h**2 + 4*h - 4. Let v(f) = 3*f**3 - 9*f**2 - 3*f + 3. Let d(y) = -4*t(y) - 5*v(y). Determine d(-5).
6
Let g(l) be the second derivative of l**5/10 + l**4/12 - l**3/6 + 42*l. What is g(-2)?
-10
Let k(q) = -q + 12. Let t = -13 + 21. Calculate k(t).
4
Let p = -3 - -5. Let i be -3*(4/(-3) + p). Let l(g) = -2*g + 2. Determine l(i).
6
Let t be 7/28 + 7/4. Let j(f) = 4*f + t*f + 0*f. Calculate j(-1).
-6
Let l(i) = -i**2 + 9*i - 3. Let q be l(9). Let d be q/(3/(-2))*8. Suppose 0 = -4*n - d. Let b(k) = -k**3 - 3*k**2 + 5*k + 3. Calculate b(n).
-1
Let v(w) be the first derivative of -w**4/4 + 7*w**3/3 + 4*w**2 + 4*w + 16. Determine v(8).
4
Let o(z) = -z**3 + 6*z**2 - 2*z - 2. Suppose g - 2*g + 5 = 0. Give o(g).
13
Let u be 0 + (0 + -4 - -3). Let m(h) be the third derivative of -2*h**2 + 0*h + 0*h**5 + 0 + 1/6*h**3 + 1/12*h**4 + 1/120*h**6. Give m(u).
-2
Let m(k) = 6*k**2 - 25*k - 15. Let o(g) = -g - 9. Let v be o(-11). Let n(j) = j**2 - 5*j - 3. Let f(x) = v*m(x) - 11*n(x). What is f(-4)?
-1
Let m(u) be the second derivative of 3*u + 0 - 2*u**2 + 1/6*u**4 + 0*u**3. Determine m(-3).
14
Let u(l) be the second derivative of l**4/12 - l**3/2 + l**2/2 + 11*l. Let z(s) = -s + 5. Let t be z(4). Give u(t).
-1
Let v(h) be the second derivative of -h**6/360 - h**5/60 - h**4/4 + 4*h. Let c(r) be the third derivative of v(r). Determine c(4).
-10
Let j(r) be the first derivative of r**4/4 + r**3 - 5*r**2/2 - 4*r + 1. Suppose 0 = 3*l + 2 + 1, 0 = 3*f + 3*l + 15. Let v = f + 0. Give j(v).
0
Let w(n) = n + 7. Let r be w(-11). Let m(p) be the first derivative of 4*p**2 + 3*p - 1. Let u(h) = 7*h + 3. Let b(k) = r*m(k) + 5*u(k). Determine b(-3).
-6
Let s = 1 + 2. Let w(k) = k**3 - k**2 - 5*k + 3. Determine w(s).
6
Let y(g) = -8*g**3 + 2*g**2 + 2*g + 1. Let v be y(-1). Let z(j) = j**2 - 10*j + 9. What is z(v)?
0
Let b(h) = h**3 - 6*h**2 + 6*h - 1. Suppose 0 = 3*a - 7*a + 20. Determine b(a).
4
Let w(q) = -q + 5. Let y(s) = -s**3 + 14*s**2 - 12*s - 7. Let m be y(13). Calculate w(m).
-1
Let r(t) = -2 + t - 4*t + t. Determine r(-4).
6
Suppose -26 = -5*j - 6. Let g(t) be the third derivative of -1/120*t**6 - 7/24*t**4 + 0*t + 1/12*t**5 + 0 - t**2 + 2/3*t**3. What is g(j)?
-8
Let p = -41 - -41. Let g(m) = -m**2 + m - 3. Calculate g(p).
-3
Let l(f) be the third derivative of 